of 179?
9
What is the tens digit of 60317?
1
What is the tens digit of 486?
8
What is the hundred thousands digit of 147612?
1
What is the tens digit of 3634?
3
What is the thousands digit of 2168?
2
What is the tens digit of 1862?
6
What is the units digit of 2555?
5
What is the units digit of 13857?
7
What is the units digit of 7941?
1
What is the tens digit of 95998?
9
What is the ten thousands digit of 15835?
1
What is the units digit of 355?
5
What is the hundred thousands digit of 157487?
1
What is the ten thousands digit of 18259?
1
What is the tens digit of 69292?
9
What is the thousands digit of 1187?
1
What is the ten thousands digit of 21960?
2
What is the units digit of 84?
4
What is the hundreds digit of 1342?
3
What is the tens digit of 1867?
6
What is the ten thousands digit of 78411?
7
What is the units digit of 314?
4
What is the ten thousands digit of 18492?
1
What is the tens digit of 994?
9
What is the hundreds digit of 1379?
3
What is the hundreds digit of 10914?
9
What is the hundreds digit of 3533?
5
What is the thousands digit of 40614?
0
What is the hundreds digit of 1371?
3
What is the tens digit of 13794?
9
What is the thousands digit of 50818?
0
What is the units digit of 6214?
4
What is the tens digit of 325?
2
What is the thousands digit of 28670?
8
What is the hundreds digit of 1105?
1
What is the hundreds digit of 344?
3
What is the hundreds digit of 4895?
8
What is the units digit of 14238?
8
What is the tens digit of 2505?
0
What is the units digit of 635?
5
What is the hundreds digit of 190?
1
What is the units digit of 4951?
1
What is the tens digit of 2895?
9
What is the units digit of 226?
6
What is the tens digit of 1076?
7
What is the thousands digit of 1741?
1
What is the thousands digit of 182951?
2
What is the hundreds digit of 1002?
0
What is the thousands digit of 4430?
4
What is the thousands digit of 26415?
6
What is the thousands digit of 120653?
0
What is the tens digit of 1496?
9
What is the tens digit of 204?
0
What is the units digit of 1969?
9
What is the hundreds digit of 1212?
2
What is the thousands digit of 3282?
3
What is the hundreds digit of 92415?
4
What is the ten thousands digit of 35100?
3
What is the tens digit of 5881?
8
What is the thousands digit of 4262?
4
What is the units digit of 861?
1
What is the ten thousands digit of 99569?
9
What is the hundreds digit of 104?
1
What is the thousands digit of 69271?
9
What is the hundreds digit of 55961?
9
What is the units digit of 1506?
6
What is the hundreds digit of 3083?
0
What is the units digit of 18696?
6
What is the tens digit of 23284?
8
What is the hundreds digit of 4831?
8
What is the hundreds digit of 120673?
6
What is the tens digit of 294?
9
What is the hundreds digit of 3064?
0
What is the hundreds digit of 34352?
3
What is the thousands digit of 8173?
8
What is the thousands digit of 1983?
1
What is the tens digit of 8159?
5
What is the hundreds digit of 5114?
1
What is the tens digit of 36333?
3
What is the units digit of 61?
1
What is the tens digit of 73833?
3
What is the thousands digit of 3132?
3
What is the thousands digit of 1157?
1
What is the units digit of 29061?
1
What is the hundreds digit of 2130?
1
What is the tens digit of 665?
6
What is the thousands digit of 4919?
4
What is the hundreds digit of 1410?
4
What is the thousands digit of 6903?
6
What is the tens digit of 9777?
7
What is the units digit of 4439?
9
What is the thousands digit of 189194?
9
What is the hundreds digit of 107839?
8
What is the ten thousands digit of 18211?
1
What is the ten thousands digit of 12608?
1
What is the tens digit of 353?
5
What is the thousands digit of 2404?
2
What is the tens digit of 38026?
2
What is the hundreds digit of 1144?
1
What is the units digit of 3543?
3
What is the hundreds digit of 8938?
9
What is the units digit of 2717?
7
What is the ten thousands digit of 50572?
5
What is the ten thousands digit of 34312?
3
What is the hundreds digit of 94875?
8
What is the units digit of 42290?
0
What is the hundreds digit of 443?
4
What is the thousands digit of 112871?
2
What is the tens digit of 40678?
7
What is the units digit of 1711?
1
What is the ten thousands digit of 77805?
7
What is the tens digit of 3921?
2
What is the thousands digit of 1486?
1
What is the units digit of 3706?
6
What is the hundreds digit of 18564?
5
What is the hundreds digit of 4623?
6
What is the tens digit of 89855?
5
What is the units digit of 2058?
8
What is the hundreds digit of 32596?
5
What is the units digit of 1940?
0
What is the tens digit of 944?
4
What is the units digit of 43?
3
What is the units digit of 661?
1
What is the units digit of 19437?
7
What is the thousands digit of 13792?
3
What is the tens digit of 2473?
7
What is the hundreds digit of 1148?
1
What is the hundreds digit of 282?
2
What is the tens digit of 38364?
6
What is the hundreds digit of 63876?
8
What is the tens digit of 664?
6
What is the tens digit of 12725?
2
What is the units digit of 42?
2
What is the units digit of 21676?
6
What is the units digit of 122394?
4
What is the thousands digit of 6851?
6
What is the ten thousands digit of 60800?
6
What is the tens digit of 623?
2
What is the units digit of 516?
6
What is the hundreds digit of 1945?
9
What is the units digit of 2680?
0
What is the hundreds digit of 16655?
6
What is the thousands digit of 2359?
2
What is the tens digit of 4996?
9
What is the units digit of 129?
9
What is the hundreds digit of 8961?
9
What is the hundreds digit of 214?
2
What is the tens digit of 1671?
7
What is the thousands digit of 84365?
4
What is the hundreds digit of 3717?
7
What is the tens digit of 10061?
6
What is the tens digit of 16798?
9
What is the units digit of 295?
5
What is the tens digit of 2192?
9
What is the units digit of 49794?
4
What is the units digit of 875?
5
What is the hundreds digit of 4947?
9
What is the tens digit of 774?
7
What is the tens digit of 147528?
2
What is the thousands digit of 7594?
7
What is the ten thousands digit of 79249?
7
What is the tens digit of 19569?
6
What is the thousands digit of 40029?
0
What is the hundreds digit of 7232?
2
What is the tens digit of 306?
0
What is the units digit of 33603?
3
What is the hundreds digit of 1507?
5
What is the units digit of 6004?
4
What is the tens digit of 5128?
2
What is the hundreds digit of 857?
8
What is the tens digit of 532?
3
What is the hundreds digit of 9218?
2
What is the thousands digit of 76727?
6
What is the thousands digit of 1074?
1
What is the thousands digit of 6526?
6
What is the units digit of 65397?
7
What is the tens digit of 509?
0
What is the units digit of 242?
2
What is the hundreds digit of 120403?
4
What is the tens digit of 448?
4
What is the tens digit of 507?
0
What is the hundreds digit of 722?
7
What is the thousands digit of 6699?
6
What is the tens digit of 1089?
8
What is the hundreds digit of 67984?
9
What is the units digit of 39014?
4
What is the thousands digit of 42684?
2
What is the units digit of 1331?
1
What is the thousands digit of 1168?
1
What is the thousands digit of 14134?
4
What is the units digit of 1028?
8
What is the thousands digit of 8660?
8
What is the tens digit of 19?
1
What is the tens digit of 959?
5
What is the hundreds digit of 346?
3
What is the hundreds digit of 228?
2
What is the units digit of 1588?
8
What is the thousands digit of 92737?
2
What is the thousands digit of 1395?
1
What is the hundreds digit of 1111?
1
What is the hundreds digit of 2519?
5
What is the hundreds digit of 32096?
0
What is the ten thousands digit of 23019?
2
What is the ten thousands digit of 139679?
3
What is the ten thousands digit of 10523?
1
What is the ten thousands digit of 12023?
1
What is the hundreds digit of 4374?
3
What is the ten thousands digit of 29027?
2
What is the thousands digit of 1809?
1
What is the ten thousands digit of 22799?
2
What is the units digit of 4419?
9
What is the thousands digit of 37525?
7
What is the units digit of 1836?
6
What is the units digit of 2233?
3
What is the ten thousands digit of 14243?
1
What is the units digit of 1471?
1
What is the tens digit of 17690?
9
What is the units digit of 2457?
7
What is the tens digit of 3081?
8
What is the t